-3*f + a*f**3 + 3 + f**2 - 11*f**3 - 3*f**2. Calculate the remainder when 9 is divided by p(2).
4
Let u(t) = t**3 - 4*t**2 - 9*t + 1. Calculate the remainder when u(6) is divided by 5.
4
What is the remainder when 3 is divided by (-10)/(-6) + 6/(-9)?
0
Suppose -9 = 4*c - 3*c. What is the remainder when (-65)/(-1) - (-1 - -1) is divided by (-204)/c + 2/(-3)?
21
Suppose y - 5*q + 11 = 0, 3*q - 4*q + 7 = y. Suppose -2*b + b + 2 = y*c, 5*c = -15. Calculate the remainder when b is divided by 8.
6
Suppose 4 = 2*h + 2. What is the remainder when 3 - (0 + 1 + -2) is divided by 2 - 2 - -2*h?
0
Let j = 4 - -3. Calculate the remainder when (-4 + 1)/((-12)/76) is divided by j.
5
Let c be (0 - (3 + -2))*0. Suppose 0*p - 3*p + 57 = c. Suppose g - p = -2*z, z = -2*g - z + 48. Calculate the remainder when g is divided by 15.
14
Let n(m) = -4*m. Let d be n(-1). Let z be d/8*(3 - 1). What is the remainder when 25 is divided by (-9*1)/((-1)/z)?
7
Suppose -5*q - 2*b + 34 + 135 = 0, -4*q + 5*b = -155. Calculate the remainder when q is divided by 20.
15
Suppose 23*c = 19*c + 64. Calculate the remainder when 24 is divided by c.
8
Suppose 5*d - 2 = 18. What is the remainder when 9 is divided by d?
1
Let f be (-9)/(-6) - (-6)/(-4). Suppose j + j - 36 = f. Suppose 0 = 2*m - 3*m - 2*v, v = -4*m + 35. Calculate the remainder when j is divided by m.
8
Suppose 4*q + 3*r - 2*r - 44 = 0, r = -q + 14. Let m(i) = -i**2 + 18. Let f = 7 - 7. Calculate the remainder when m(f) is divided by q.
8
Let r be 206/6 - (-3)/(-9). Let v = r - 1. Suppose -4*a - 3*z + 74 = -13, v = 2*a + 5*z. Calculate the remainder when a is divided by 13.
11
Suppose -5*p + 30 = 4*b - 31, 4*b = 2*p - 2. Let j be (-1 - -3) + (-52)/13. Let q = j + 19. Calculate the remainder when q is divided by p.
8
Let a(c) = 2*c**2 + 6*c + 3. Let k be a(-7). Let i = -28 + k. Let j = -8 + i. What is the remainder when j is divided by 12?
11
Let z = 106 - 167. Let d = -33 - z. Calculate the remainder when d is divided by (440/28 - 1) + 84/294.
13
Let p(d) = 15*d. Calculate the remainder when p(6) is divided by 13.
12
Let f(z) = -z**2 - 8*z + 11. Calculate the remainder when f(-9) is divided by (1 + -4)/(3/(-2)).
0
Let s(l) = -l**2 + 30. Let f = 5 + 8. What is the remainder when f is divided by s(-5)?
3
Let k(s) = -s**3 - 6*s**2 - 5*s + 7. Suppose 3*b = -5*j - 20 - 17, -4*b = 4*j + 36. Calculate the remainder when 13 is divided by k(j).
6
Suppose -114 + 42 = -5*n + 2*c, -5*n - 4*c + 96 = 0. Calculate the remainder when 94 is divided by n.
14
Let v(r) = -r**3 + r**2 + 5*r + 2. What is the remainder when 1*(24/2 - 2) is divided by v(-2)?
2
Let n = -9 + 13. Suppose n*t = 1 + 15. Calculate the remainder when 15 is divided by t.
3
Let i(h) = -2*h - 21. What is the remainder when 22 is divided by i(-17)?
9
Suppose -3*v = 2*v + 2*n - 43, 5*v - 15 = 5*n. What is the remainder when 3 is divided by 6*(-3 - v/(-2))?
0
Suppose l = -2*l + 123. What is the remainder when 161 is divided by l?
38
Let p = 38 + 20. What is the remainder when p is divided by 32?
26
Let v = -60 + 121. Calculate the remainder when v is divided by 2 - 1 - (-16 + 1).
13
Let q = -6 + 10. Let h = 1 - -1. Suppose h*k - 5*k + 21 = 0. Calculate the remainder when k is divided by q.
3
Let d(o) = o**3 + 5*o**2 - 2*o - 6. What is the remainder when 17 is divided by d(-5)?
1
Suppose -1 = -3*z + 11. What is the remainder when z/(-12) + 86/6 is divided by 2/2 + (-2 - -6)?
4
Let d(j) = j - 3. Let l = 2 + 3. Suppose 0*z - 8 = -4*z. Calculate the remainder when d(l) is divided by z.
0
Let w(y) = 3*y + 11. Calculate the remainder when w(7) is divided by 11.
10
Let x(k) = 12*k**2 - k + 2. What is the remainder when 22 is divided by x(1)?
9
Let v be 8/(-4)*(-7)/(-2). Let u = 12 + v. Calculate the remainder when 9 is divided by u.
4
Let y(i) = 7*i**2 - 4*i. Calculate the remainder when y(4) is divided by 20.
16
Suppose 0 = 4*f + 3*c - 6*c - 23, -5*f = 3*c - 49. What is the remainder when 25 is divided by f?
1
Suppose 51 + 29 = 4*u. Let q = 3 - 1. Suppose -2*n = -12 + 2, n - 19 = -q*c. What is the remainder when u is divided by c?
6
Suppose 3*z - 16 = -u, 2*z + 2*u - u - 11 = 0. Let h be 2/4 - 6/(-4). Suppose h*r - 14 = r. Calculate the remainder when r is divided by z.
4
Suppose -7 = 5*z - 22. What is the remainder when z is divided by 1?
0
Suppose 0 = v + 3*v. Suppose -q + 2*c + 22 = v, -4*q - c + 48 = c. Calculate the remainder when 26 is divided by q.
12
Suppose -8*m + 176 = 8*m. Calculate the remainder when m is divided by 4.
3
Let s(g) = -g**2 + 9*g - 3. Let c be s(8). Suppose -4*r - 4*o = -0*r - 64, -c*o = 2*r - 26. What is the remainder when 34 is divided by r?
16
Suppose -76 = -8*q + 4*q. What is the remainder when 75 is divided by q?
18
Calculate the remainder when 36 is divided by -1 + 45/((-10)/(-2)).
4
Suppose 4*g - 3*g - 311 = -5*j, 0 = 2*j + 2*g - 118. What is the remainder when j is divided by 22?
19
Let g(u) = -7 + 0 + 1 - 3*u + u**2. Let p(z) = 7*z**2 - z. What is the remainder when g(-4) is divided by p(-1)?
6
Suppose -3*h + 9 = b, -3*h = 5*b + 2*h - 25. Calculate the remainder when 75 is divided by (-7)/7 + b*9.
23
Suppose 5*u - c - 126 = 0, u - 14 = 6*c - 3*c. Calculate the remainder when 75 is divided by u.
23
Suppose -54 = -u + 13. What is the remainder when u is divided by 10?
7
Suppose -2*i = g + i + 35, -3*g - 81 = -3*i. Suppose -2*p + 125 = -3*o - 6, -323 = -5*p + 3*o. Let r = p + g. Calculate the remainder when r is divided by 18.
17
Let b(x) = x - 2. Let n be b(7). Suppose 3*p + 50 - 194 = -u, 156 = 3*p + n*u. What is the remainder when p is divided by 12?
11
Calculate the remainder when 48 is divided by 5/(40/(-12))*(-136)/12.
14
Let u = -21 + 10. Let f = 22 + u. What is the remainder when 43 is divided by f?
10
Suppose 3*o = 5*o - 10. Calculate the remainder when o is divided by 2.
1
What is the remainder when 120 is divided by (-72)/(-3) - -4 - 3?
20
Let i(d) = 5*d - 30. Calculate the remainder when i(18) is divided by 16.
12
Let v = 28 - 13. What is the remainder when 28 is divided by v?
13
Suppose p = -p + 5*s + 50, 5*p = 2*s + 104. Suppose -5*y + p = -y. What is the remainder when 13 is divided by y?
3
Let g(o) = -6 + 6*o**2 + 0*o**2 + 4 + 3. Let w be g(-2). Calculate the remainder when 39 is divided by (24/15)/(2/w).
19
Let z(o) = -o**3 - 8*o**2 + 9*o + 7. What is the remainder when 82 is divided by z(-9)?
5
Calculate the remainder when 84 is divided by (-3 - 1)*24/(-4).
12
Let p(g) = -g - 35. Let h be p(0). Let d = h - -76. What is the remainder when d is divided by 14?
13
Suppose 2*p = 6*p + 16, 23 = 5*r + 3*p. Suppose -2*g + 1 + r = x, -2*g = 8. Calculate the remainder when x is divided by 6.
4
Let h(i) = -i**3 + 11*i**2 + 2*i - 4. Let w be h(11). Suppose w = f + 12. Calculate the remainder when 7 is divided by f.
1
Let x = 17 - 17. Suppose -f - s = f - 181, x = -4*f + 5*s + 355. What is the remainder when f is divided by 23?
21
Let b(x) = x**3 - 13*x**2 + 5*x + 26. What is the remainder when b(13) is divided by 31?
29
Let s = 11 - 5. Let f be 4/(-6) - 2/s. What is the remainder when (-3 - f) + (19 - -2) is divided by 10?
9
Let x be (-4)/(-6) - 28/(-12). Let z(i) = i**2 + 4*i - 8. What is the remainder when (x - -19 - -1)/1 is divided by z(-7)?
10
Suppose 6 + 4 = -y. Let z = 4 + y. Let v = z - -47. What is the remainder when v is divided by 14?
13
Let u(i) = i**3 + 7*i**2 + 4*i - 5. What is the remainder when u(-5) is divided by (-158)/(-12) + (-5)/30?
12
Let s = 7 + -3. Suppose -s*o = 7 - 39. Calculate the remainder when o + -1 + 2 + -1 is divided by 3.
2
Let s = 3 - 0. Let o = 31 - 20. Calculate the remainder when o is divided by s.
2
Suppose -3*o - 4*b - 52 = -5*o, 4*o - 2*b = 86. Suppose 0*d = d - 3*m + 57, 5*m - o = 0. Let n = -22 - d. Calculate the remainder when n is divided by 8.
7
Let a(n) = n**2 + n + 5. Let c be a(0). Suppose 2*i + 5 + 2 = -k, -c*k = -2*i - 25. Suppose -3*g + 90 = k. Calculate the remainder when g is divided by 10.
9
Let x(y) = -y - 26. Let n(w) = -5. Let f(l) = 11*n(l) - 2*x(l). What is the remainder when f(2) is divided by (4/(-6))/(2/(-3))?
0
Suppose -2*z - 3*w + 155 = 0, -4*z - 4*w + 0*w + 304 = 0. What is the remainder when z is divided by 19?
16
Let b = -26 - -37. Let c(p) = -2*p**3 - 3*p**2 + p + 7. What 